{"id":1521,"date":"2019-08-02T10:52:45","date_gmt":"2019-08-02T08:52:45","guid":{"rendered":"https:\/\/hotelkultura.sk\/?page_id=1521"},"modified":"2025-06-10T15:25:44","modified_gmt":"2025-06-10T13:25:44","slug":"oslavy","status":"publish","type":"page","link":"https:\/\/www.hotelkultura.sk\/en\/celebrations\/slovencina-oslavy\/","title":{"rendered":"Celebrations"},"content":{"rendered":"<h3>Best place for your celebration<\/h3>\n<p>An exceptional moment for you or your relatives is getting closer?<\/p>\n<p><strong>Christening,\u00a0<\/strong><strong>first holy communion, anniversaries, graduations, meeting of friends, company meetings.<\/strong><\/p>\n<p>Wide offer of our kitchen, nice and professional staff will create for you an experience, that these occasions definitely deserve.<\/p>\n<p>Turn yourself at us with trust, we are here for you.<\/p>\n<p>More information we will give you at <a href=\"mailto:prevadzka@hotelkultura.sk\">prevadzka@hotelkultura.sk<\/a><\/p>\n<p>&nbsp;<\/p>\n<p><img decoding=\"async\" class=\"aligncenter wp-image-1581 size-full\" src=\"https:\/\/hotelkultura.sk\/wp-content\/uploads\/2019\/08\/hk-osalvy-vyzdoba.png\" alt=\"\" width=\"1200\" height=\"800\" srcset=\"https:\/\/www.hotelkultura.sk\/wp-content\/uploads\/2019\/08\/hk-osalvy-vyzdoba.png 1200w, https:\/\/www.hotelkultura.sk\/wp-content\/uploads\/2019\/08\/hk-osalvy-vyzdoba-768x512.png 768w, https:\/\/www.hotelkultura.sk\/wp-content\/uploads\/2019\/08\/hk-osalvy-vyzdoba-1024x683.png 1024w\" sizes=\"(max-width: 1200px) 100vw, 1200px\" \/><\/p>\n<p>&nbsp;<\/p>\n<p><strong>SPACE RENTAL<\/strong><\/p>\n<ul>\n<li>Saloon \u010cebra\u0165 with a capacity of 24 persons<\/li>\n<li>Restaurant \u2013 table reservation<\/li>\n<li>Social hall with air-conditioning and capacity of 150 persons<\/li>\n<\/ul>\n<p>The social hall can be divided into 3 separate sound isolated rooms:<\/p>\n<p>&nbsp;<\/p>\n<p><strong>DECORATION<\/strong><\/p>\n<ul>\n<li>Chair covers<\/li>\n<li>Decorative ribbons for chairs from organza<\/li>\n<li>Decorative items for rent: glass flower pots, candlesticks\/pieces<\/li>\n<li>Round table for 8-10 persons + table cover<\/li>\n<li>Stand by table + table cover<\/li>\n<\/ul>\n<p>&nbsp;<\/p>\n<p><strong>GASTRONOMY<\/strong><\/p>\n<ul>\n<li>Possibility to choose a\u00a0ceremonial menu from the added offer<\/li>\n<li>Price for basic menu\/ toast, soup, main course<\/li>\n<li>Second dinner \u2013 in the form of a warm buffet and cold buffet<\/li>\n<li>We are open to your proposal and inquiries<\/li>\n<\/ul>\n<p>&nbsp;<\/p>\n<p><strong>BONUS<\/strong><\/p>\n<ul>\n<li>Cover for tables in different colors of organza (according to the hotel samples) free of charge<\/li>\n<li>Possibility of bringing your own desserts, cheese, nuts, snacks and etc.<\/li>\n<li>Possibility of bringing your alcoholic and non-alcoholic drinks only for a cork fee<\/li>\n<\/ul>\n<p>&nbsp;<\/p>\n<p><strong>CATERING<\/strong><\/p>\n<p>More information we will give you at prevadzka@hotelkultura.sk<\/p>\n<p>&nbsp;<\/p>\n<p><strong>PAYMENT<\/strong><\/p>\n<ul>\n<li>50 \u20ac deposit by a reservation of the date<\/li>\n<\/ul>\n<ul>\n<li>Billing of the final price the next working day.<\/li>\n<\/ul>\n<p>More information we will give you at <a href=\"mailto:prevadzka@hotelkultura.sk\">prevadzka@hotelkultura.sk<\/a><\/p>\n<p>&nbsp;<\/p>\n<p><img decoding=\"async\" class=\"aligncenter wp-image-1582 size-full\" src=\"https:\/\/hotelkultura.sk\/wp-content\/uploads\/2019\/08\/hk-osalvy.png\" alt=\"\" width=\"1200\" height=\"800\" srcset=\"https:\/\/www.hotelkultura.sk\/wp-content\/uploads\/2019\/08\/hk-osalvy.png 1200w, https:\/\/www.hotelkultura.sk\/wp-content\/uploads\/2019\/08\/hk-osalvy-768x512.png 768w, https:\/\/www.hotelkultura.sk\/wp-content\/uploads\/2019\/08\/hk-osalvy-1024x683.png 1024w\" sizes=\"(max-width: 1200px) 100vw, 1200px\" \/><\/p>\n","protected":false},"excerpt":{"rendered":"<p>(Sloven\u010dina) Krstiny, prv\u00e9 sv\u00e4t\u00e9 pr\u00edj\u00edmanie, \u017eivotn\u00e9 jubile\u00e1, prom\u00f3cie, stretnutia priate\u013eov, firemn\u00e9 posedenia.<\/p>\n","protected":false},"author":3,"featured_media":0,"parent":1482,"menu_order":13,"comment_status":"closed","ping_status":"closed","template":"","meta":{"footnotes":""},"class_list":["post-1521","page","type-page","status-publish","hentry"],"yoast_head":"<!-- This site is optimized with the Yoast SEO plugin v25.3 - https:\/\/yoast.com\/wordpress\/plugins\/seo\/ -->\n<title>Celebrations | Hotel Kult\u00fara<\/title>\n<meta name=\"robots\" content=\"index, follow, max-snippet:-1, max-image-preview:large, max-video-preview:-1\" \/>\n<link rel=\"canonical\" href=\"https:\/\/www.hotelkultura.sk\/oslavy\/oslava\/\" \/>\n<meta property=\"og:locale\" content=\"en_US\" \/>\n<meta property=\"og:type\" content=\"article\" \/>\n<meta property=\"og:title\" content=\"Celebrations | Hotel Kult\u00fara\" \/>\n<meta property=\"og:description\" content=\"(Sloven\u010dina) Krstiny, prv\u00e9 sv\u00e4t\u00e9 pr\u00edj\u00edmanie, \u017eivotn\u00e9 jubile\u00e1, prom\u00f3cie, stretnutia priate\u013eov, firemn\u00e9 posedenia.\" \/>\n<meta property=\"og:url\" content=\"https:\/\/www.hotelkultura.sk\/oslavy\/oslava\/\" \/>\n<meta property=\"og:site_name\" content=\"Hotel Kult\u00fara\" \/>\n<meta property=\"article:publisher\" content=\"https:\/\/www.facebook.com\/hotelkultura.sk\/\" \/>\n<meta property=\"article:modified_time\" content=\"2025-06-10T13:25:44+00:00\" \/>\n<meta name=\"twitter:card\" content=\"summary_large_image\" \/>\n<meta name=\"twitter:label1\" content=\"Est. reading time\" \/>\n\t<meta name=\"twitter:data1\" content=\"1 minute\" \/>\n<script type=\"application\/ld+json\" class=\"yoast-schema-graph\">{\"@context\":\"https:\/\/schema.org\",\"@graph\":[{\"@type\":\"WebPage\",\"@id\":\"https:\/\/www.hotelkultura.sk\/oslavy\/oslava\/\",\"url\":\"https:\/\/www.hotelkultura.sk\/oslavy\/oslava\/\",\"name\":\"Celebrations | Hotel Kult\u00fara\",\"isPartOf\":{\"@id\":\"https:\/\/www.hotelkultura.sk\/#website\"},\"primaryImageOfPage\":{\"@id\":\"https:\/\/www.hotelkultura.sk\/oslavy\/oslava\/#primaryimage\"},\"image\":{\"@id\":\"https:\/\/www.hotelkultura.sk\/oslavy\/oslava\/#primaryimage\"},\"thumbnailUrl\":\"https:\/\/hotelkultura.sk\/wp-content\/uploads\/2019\/08\/hk-osalvy-vyzdoba.png\",\"datePublished\":\"2019-08-02T08:52:45+00:00\",\"dateModified\":\"2025-06-10T13:25:44+00:00\",\"breadcrumb\":{\"@id\":\"https:\/\/www.hotelkultura.sk\/oslavy\/oslava\/#breadcrumb\"},\"inLanguage\":\"en-US\",\"potentialAction\":[{\"@type\":\"ReadAction\",\"target\":[\"https:\/\/www.hotelkultura.sk\/oslavy\/oslava\/\"]}]},{\"@type\":\"ImageObject\",\"inLanguage\":\"en-US\",\"@id\":\"https:\/\/www.hotelkultura.sk\/oslavy\/oslava\/#primaryimage\",\"url\":\"https:\/\/hotelkultura.sk\/wp-content\/uploads\/2019\/08\/hk-osalvy-vyzdoba.png\",\"contentUrl\":\"https:\/\/hotelkultura.sk\/wp-content\/uploads\/2019\/08\/hk-osalvy-vyzdoba.png\"},{\"@type\":\"BreadcrumbList\",\"@id\":\"https:\/\/www.hotelkultura.sk\/oslavy\/oslava\/#breadcrumb\",\"itemListElement\":[{\"@type\":\"ListItem\",\"position\":1,\"name\":\"Home\",\"item\":\"https:\/\/www.hotelkultura.sk\/\"},{\"@type\":\"ListItem\",\"position\":2,\"name\":\"Oslavy\",\"item\":\"https:\/\/www.hotelkultura.sk\/oslavy\/\"},{\"@type\":\"ListItem\",\"position\":3,\"name\":\"Oslava\"}]},{\"@type\":\"WebSite\",\"@id\":\"https:\/\/www.hotelkultura.sk\/#website\",\"url\":\"https:\/\/www.hotelkultura.sk\/\",\"name\":\"Hotel Kult\u00fara\",\"description\":\"\",\"publisher\":{\"@id\":\"https:\/\/www.hotelkultura.sk\/#organization\"},\"potentialAction\":[{\"@type\":\"SearchAction\",\"target\":{\"@type\":\"EntryPoint\",\"urlTemplate\":\"https:\/\/www.hotelkultura.sk\/?s={search_term_string}\"},\"query-input\":{\"@type\":\"PropertyValueSpecification\",\"valueRequired\":true,\"valueName\":\"search_term_string\"}}],\"inLanguage\":\"en-US\"},{\"@type\":\"Organization\",\"@id\":\"https:\/\/www.hotelkultura.sk\/#organization\",\"name\":\"Hotel Kult\u00fara\",\"url\":\"https:\/\/www.hotelkultura.sk\/\",\"logo\":{\"@type\":\"ImageObject\",\"inLanguage\":\"en-US\",\"@id\":\"https:\/\/www.hotelkultura.sk\/#\/schema\/logo\/image\/\",\"url\":\"\",\"contentUrl\":\"\",\"caption\":\"Hotel Kult\u00fara\"},\"image\":{\"@id\":\"https:\/\/www.hotelkultura.sk\/#\/schema\/logo\/image\/\"},\"sameAs\":[\"https:\/\/www.facebook.com\/hotelkultura.sk\/\"]}]}<\/script>\n<!-- \/ Yoast SEO plugin. -->","yoast_head_json":{"title":"Celebrations | Hotel Kult\u00fara","robots":{"index":"index","follow":"follow","max-snippet":"max-snippet:-1","max-image-preview":"max-image-preview:large","max-video-preview":"max-video-preview:-1"},"canonical":"https:\/\/www.hotelkultura.sk\/oslavy\/oslava\/","og_locale":"en_US","og_type":"article","og_title":"Celebrations | Hotel Kult\u00fara","og_description":"(Sloven\u010dina) Krstiny, prv\u00e9 sv\u00e4t\u00e9 pr\u00edj\u00edmanie, \u017eivotn\u00e9 jubile\u00e1, prom\u00f3cie, stretnutia priate\u013eov, firemn\u00e9 posedenia.","og_url":"https:\/\/www.hotelkultura.sk\/oslavy\/oslava\/","og_site_name":"Hotel Kult\u00fara","article_publisher":"https:\/\/www.facebook.com\/hotelkultura.sk\/","article_modified_time":"2025-06-10T13:25:44+00:00","twitter_card":"summary_large_image","twitter_misc":{"Est. reading time":"1 minute"},"schema":{"@context":"https:\/\/schema.org","@graph":[{"@type":"WebPage","@id":"https:\/\/www.hotelkultura.sk\/oslavy\/oslava\/","url":"https:\/\/www.hotelkultura.sk\/oslavy\/oslava\/","name":"Celebrations | Hotel Kult\u00fara","isPartOf":{"@id":"https:\/\/www.hotelkultura.sk\/#website"},"primaryImageOfPage":{"@id":"https:\/\/www.hotelkultura.sk\/oslavy\/oslava\/#primaryimage"},"image":{"@id":"https:\/\/www.hotelkultura.sk\/oslavy\/oslava\/#primaryimage"},"thumbnailUrl":"https:\/\/hotelkultura.sk\/wp-content\/uploads\/2019\/08\/hk-osalvy-vyzdoba.png","datePublished":"2019-08-02T08:52:45+00:00","dateModified":"2025-06-10T13:25:44+00:00","breadcrumb":{"@id":"https:\/\/www.hotelkultura.sk\/oslavy\/oslava\/#breadcrumb"},"inLanguage":"en-US","potentialAction":[{"@type":"ReadAction","target":["https:\/\/www.hotelkultura.sk\/oslavy\/oslava\/"]}]},{"@type":"ImageObject","inLanguage":"en-US","@id":"https:\/\/www.hotelkultura.sk\/oslavy\/oslava\/#primaryimage","url":"https:\/\/hotelkultura.sk\/wp-content\/uploads\/2019\/08\/hk-osalvy-vyzdoba.png","contentUrl":"https:\/\/hotelkultura.sk\/wp-content\/uploads\/2019\/08\/hk-osalvy-vyzdoba.png"},{"@type":"BreadcrumbList","@id":"https:\/\/www.hotelkultura.sk\/oslavy\/oslava\/#breadcrumb","itemListElement":[{"@type":"ListItem","position":1,"name":"Home","item":"https:\/\/www.hotelkultura.sk\/"},{"@type":"ListItem","position":2,"name":"Oslavy","item":"https:\/\/www.hotelkultura.sk\/oslavy\/"},{"@type":"ListItem","position":3,"name":"Oslava"}]},{"@type":"WebSite","@id":"https:\/\/www.hotelkultura.sk\/#website","url":"https:\/\/www.hotelkultura.sk\/","name":"Hotel Kult\u00fara","description":"","publisher":{"@id":"https:\/\/www.hotelkultura.sk\/#organization"},"potentialAction":[{"@type":"SearchAction","target":{"@type":"EntryPoint","urlTemplate":"https:\/\/www.hotelkultura.sk\/?s={search_term_string}"},"query-input":{"@type":"PropertyValueSpecification","valueRequired":true,"valueName":"search_term_string"}}],"inLanguage":"en-US"},{"@type":"Organization","@id":"https:\/\/www.hotelkultura.sk\/#organization","name":"Hotel Kult\u00fara","url":"https:\/\/www.hotelkultura.sk\/","logo":{"@type":"ImageObject","inLanguage":"en-US","@id":"https:\/\/www.hotelkultura.sk\/#\/schema\/logo\/image\/","url":"","contentUrl":"","caption":"Hotel Kult\u00fara"},"image":{"@id":"https:\/\/www.hotelkultura.sk\/#\/schema\/logo\/image\/"},"sameAs":["https:\/\/www.facebook.com\/hotelkultura.sk\/"]}]}},"_links":{"self":[{"href":"https:\/\/www.hotelkultura.sk\/en\/wp-json\/wp\/v2\/pages\/1521","targetHints":{"allow":["GET"]}}],"collection":[{"href":"https:\/\/www.hotelkultura.sk\/en\/wp-json\/wp\/v2\/pages"}],"about":[{"href":"https:\/\/www.hotelkultura.sk\/en\/wp-json\/wp\/v2\/types\/page"}],"author":[{"embeddable":true,"href":"https:\/\/www.hotelkultura.sk\/en\/wp-json\/wp\/v2\/users\/3"}],"replies":[{"embeddable":true,"href":"https:\/\/www.hotelkultura.sk\/en\/wp-json\/wp\/v2\/comments?post=1521"}],"version-history":[{"count":0,"href":"https:\/\/www.hotelkultura.sk\/en\/wp-json\/wp\/v2\/pages\/1521\/revisions"}],"up":[{"embeddable":true,"href":"https:\/\/www.hotelkultura.sk\/en\/wp-json\/wp\/v2\/pages\/1482"}],"wp:attachment":[{"href":"https:\/\/www.hotelkultura.sk\/en\/wp-json\/wp\/v2\/media?parent=1521"}],"curies":[{"name":"wp","href":"https:\/\/api.w.org\/{rel}","templated":true}]}}

<h3>Best place for your celebration</h3>
<p>An exceptional moment for you or your relatives is getting closer?</p>
<p><strong>Christening, </strong><strong>first holy communion, anniversaries, graduations, meeting of friends, company meetings.</strong></p>
<p>Wide offer of our kitchen, nice and professional staff will create for you an experience, that these occasions definitely deserve.</p>
<p>Turn yourself at us with trust, we are here for you.</p>
<p>More information we will give you at <a href="mailto:prevadzka@hotelkultura.sk">prevadzka@hotelkultura.sk</a></p>
<p>&nbsp;</p>
<p><img decoding="async" class="aligncenter wp-image-1581 size-full" src="https://hotelkultura.sk/wp-content/uploads/2019/08/hk-osalvy-vyzdoba.png" alt="" width="1200" height="800" srcset="https://www.hotelkultura.sk/wp-content/uploads/2019/08/hk-osalvy-vyzdoba.png 1200w, https://www.hotelkultura.sk/wp-content/uploads/2019/08/hk-osalvy-vyzdoba-768x512.png 768w, https://www.hotelkultura.sk/wp-content/uploads/2019/08/hk-osalvy-vyzdoba-1024x683.png 1024w" sizes="(max-width: 1200px) 100vw, 1200px" /></p>
<p>&nbsp;</p>
<p><strong>SPACE RENTAL</strong></p>
<ul>
<li>Saloon Čebrať with a capacity of 24 persons</li>
<li>Restaurant – table reservation</li>
<li>Social hall with air-conditioning and capacity of 150 persons</li>
</ul>
<p>The social hall can be divided into 3 separate sound isolated rooms:</p>
<p>&nbsp;</p>
<p><strong>DECORATION</strong></p>
<ul>
<li>Chair covers</li>
<li>Decorative ribbons for chairs from organza</li>
<li>Decorative items for rent: glass flower pots, candlesticks/pieces</li>
<li>Round table for 8-10 persons + table cover</li>
<li>Stand by table + table cover</li>
</ul>
<p>&nbsp;</p>
<p><strong>GASTRONOMY</strong></p>
<ul>
<li>Possibility to choose a ceremonial menu from the added offer</li>
<li>Price for basic menu/ toast, soup, main course</li>
<li>Second dinner – in the form of a warm buffet and cold buffet</li>
<li>We are open to your proposal and inquiries</li>
</ul>
<p>&nbsp;</p>
<p><strong>BONUS</strong></p>
<ul>
<li>Cover for tables in different colors of organza (according to the hotel samples) free of charge</li>
<li>Possibility of bringing your own desserts, cheese, nuts, snacks and etc.</li>
<li>Possibility of bringing your alcoholic and non-alcoholic drinks only for a cork fee</li>
</ul>
<p>&nbsp;</p>
<p><strong>CATERING</strong></p>
<p>More information we will give you at prevadzka@hotelkultura.sk</p>
<p>&nbsp;</p>
<p><strong>PAYMENT</strong></p>
<ul>
<li>50 € deposit by a reservation of the date</li>
</ul>
<ul>
<li>Billing of the final price the next working day.</li>
</ul>
<p>More information we will give you at <a href="mailto:prevadzka@hotelkultura.sk">prevadzka@hotelkultura.sk</a></p>
<p>&nbsp;</p>
<p><img decoding="async" class="aligncenter wp-image-1582 size-full" src="https://hotelkultura.sk/wp-content/uploads/2019/08/hk-osalvy.png" alt="" width="1200" height="800" srcset="https://www.hotelkultura.sk/wp-content/uploads/2019/08/hk-osalvy.png 1200w, https://www.hotelkultura.sk/wp-content/uploads/2019/08/hk-osalvy-768x512.png 768w, https://www.hotelkultura.sk/wp-content/uploads/2019/08/hk-osalvy-1024x683.png 1024w" sizes="(max-width: 1200px) 100vw, 1200px" /></p>

<p>(Slovenčina) Krstiny, prvé sväté príjímanie, životné jubileá, promócie, stretnutia priateľov, firemné posedenia.</p>

<!-- This site is optimized with the Yoast SEO plugin v25.3 - https://yoast.com/wordpress/plugins/seo/ -->
<title>Celebrations | Hotel Kultúra</title>
<meta name="robots" content="index, follow, max-snippet:-1, max-image-preview:large, max-video-preview:-1" />
<link rel="canonical" href="https://www.hotelkultura.sk/oslavy/oslava/" />
<meta property="og:locale" content="en_US" />
<meta property="og:type" content="article" />
<meta property="og:title" content="Celebrations | Hotel Kultúra" />
<meta property="og:description" content="(Slovenčina) Krstiny, prvé sväté príjímanie, životné jubileá, promócie, stretnutia priateľov, firemné posedenia." />
<meta property="og:url" content="https://www.hotelkultura.sk/oslavy/oslava/" />
<meta property="og:site_name" content="Hotel Kultúra" />
<meta property="article:publisher" content="https://www.facebook.com/hotelkultura.sk/" />
<meta property="article:modified_time" content="2025-06-10T13:25:44+00:00" />
<meta name="twitter:card" content="summary_large_image" />
<meta name="twitter:label1" content="Est. reading time" />
	<meta name="twitter:data1" content="1 minute" />
<script type="application/ld+json" class="yoast-schema-graph">{"@context":"https://schema.org","@graph":[{"@type":"WebPage","@id":"https://www.hotelkultura.sk/oslavy/oslava/","url":"https://www.hotelkultura.sk/oslavy/oslava/","name":"Celebrations | Hotel Kultúra","isPartOf":{"@id":"https://www.hotelkultura.sk/#website"},"primaryImageOfPage":{"@id":"https://www.hotelkultura.sk/oslavy/oslava/#primaryimage"},"image":{"@id":"https://www.hotelkultura.sk/oslavy/oslava/#primaryimage"},"thumbnailUrl":"https://hotelkultura.sk/wp-content/uploads/2019/08/hk-osalvy-vyzdoba.png","datePublished":"2019-08-02T08:52:45+00:00","dateModified":"2025-06-10T13:25:44+00:00","breadcrumb":{"@id":"https://www.hotelkultura.sk/oslavy/oslava/#breadcrumb"},"inLanguage":"en-US","potentialAction":[{"@type":"ReadAction","target":["https://www.hotelkultura.sk/oslavy/oslava/"]}]},{"@type":"ImageObject","inLanguage":"en-US","@id":"https://www.hotelkultura.sk/oslavy/oslava/#primaryimage","url":"https://hotelkultura.sk/wp-content/uploads/2019/08/hk-osalvy-vyzdoba.png","contentUrl":"https://hotelkultura.sk/wp-content/uploads/2019/08/hk-osalvy-vyzdoba.png"},{"@type":"BreadcrumbList","@id":"https://www.hotelkultura.sk/oslavy/oslava/#breadcrumb","itemListElement":[{"@type":"ListItem","position":1,"name":"Home","item":"https://www.hotelkultura.sk/"},{"@type":"ListItem","position":2,"name":"Oslavy","item":"https://www.hotelkultura.sk/oslavy/"},{"@type":"ListItem","position":3,"name":"Oslava"}]},{"@type":"WebSite","@id":"https://www.hotelkultura.sk/#website","url":"https://www.hotelkultura.sk/","name":"Hotel Kultúra","description":"","publisher":{"@id":"https://www.hotelkultura.sk/#organization"},"potentialAction":[{"@type":"SearchAction","target":{"@type":"EntryPoint","urlTemplate":"https://www.hotelkultura.sk/?s={search_term_string}"},"query-input":{"@type":"PropertyValueSpecification","valueRequired":true,"valueName":"search_term_string"}}],"inLanguage":"en-US"},{"@type":"Organization","@id":"https://www.hotelkultura.sk/#organization","name":"Hotel Kultúra","url":"https://www.hotelkultura.sk/","logo":{"@type":"ImageObject","inLanguage":"en-US","@id":"https://www.hotelkultura.sk/#/schema/logo/image/","url":"","contentUrl":"","caption":"Hotel Kultúra"},"image":{"@id":"https://www.hotelkultura.sk/#/schema/logo/image/"},"sameAs":["https://www.facebook.com/hotelkultura.sk/"]}]}</script>
<!-- / Yoast SEO plugin. -->

Celebrations | Hotel Kultúra

(Slovenčina) Krstiny, prvé sväté príjímanie, životné jubileá, promócie, stretnutia priateľov, firemné posedenia.

Hotel Kultúra
