{"id":1482,"date":"2019-06-25T23:17:53","date_gmt":"2019-06-25T21:17:53","guid":{"rendered":"https:\/\/hotelkultura.sk\/?page_id=1482"},"modified":"2025-06-10T15:24:04","modified_gmt":"2025-06-10T13:24:04","slug":"spolocenske-akcie","status":"publish","type":"page","link":"https:\/\/www.hotelkultura.sk\/en\/celebrations\/","title":{"rendered":"Celebrations"},"content":{"rendered":"<h3><strong>Event Spaces for Every Occasion<\/strong><\/h3>\n<p>Are you looking for a venue for a social event, wedding, prom, or celebration? We invite you to visit us. We would be delighted to use our extensive experience to help organize your events. Our newly renovated spaces, with their elegance, functionality, and size, are simply the best choice for you.<\/p>\n<h3>Contact us<\/h3>\n<p><strong>CONTACT US<\/strong><br \/>\n<strong>CELEBRATIONS, WEDDINGS, EVENTS<\/strong><\/p>\n<p><em>Jana Vetr\u00e1kov\u00e1<\/em><br \/>\n<a href=\"mailto:prevadzka@hotelkultura.sk\">prevadzka@hotelkultura.sk<\/a><br \/>\n+421 908 969 990<\/p>\n<p><em>Tom\u00e1\u0161 Skur\u010d\u00e1k<\/em><br \/>\n<a href=\"mailto:prevadzka@hotelkultura.sk\">prevadzka@hotelkultura.sk<\/a><br \/>\n+421 908 969 990<\/p>\n<p>&nbsp;<\/p>\n<p>&nbsp;<\/p>\n<h3>Social hall with terrace<\/h3>\n<p><a href=\"https:\/\/hotelkultura.sk\/wp-content\/uploads\/2019\/08\/spolocenska-sala-s-terasou-1.jpg\"><img decoding=\"async\" class=\"aligncenter size-full wp-image-1558\" src=\"https:\/\/hotelkultura.sk\/wp-content\/uploads\/2019\/08\/spolocenska-sala-s-terasou-1.jpg\" alt=\"\" width=\"2800\" height=\"1863\" srcset=\"https:\/\/www.hotelkultura.sk\/wp-content\/uploads\/2019\/08\/spolocenska-sala-s-terasou-1.jpg 2800w, https:\/\/www.hotelkultura.sk\/wp-content\/uploads\/2019\/08\/spolocenska-sala-s-terasou-1-768x511.jpg 768w, https:\/\/www.hotelkultura.sk\/wp-content\/uploads\/2019\/08\/spolocenska-sala-s-terasou-1-1024x681.jpg 1024w\" sizes=\"(max-width: 2800px) 100vw, 2800px\" \/><\/a><\/p>\n<p>&nbsp;<\/p>\n<h3>Saloon \u010cebra\u0165<\/h3>\n<p><a href=\"https:\/\/hotelkultura.sk\/wp-content\/uploads\/2019\/08\/salonik-cebrat-1.jpg\"><img decoding=\"async\" class=\"aligncenter size-full wp-image-1560\" src=\"https:\/\/hotelkultura.sk\/wp-content\/uploads\/2019\/08\/salonik-cebrat-1.jpg\" alt=\"\" width=\"1502\" height=\"999\" srcset=\"https:\/\/www.hotelkultura.sk\/wp-content\/uploads\/2019\/08\/salonik-cebrat-1.jpg 1502w, https:\/\/www.hotelkultura.sk\/wp-content\/uploads\/2019\/08\/salonik-cebrat-1-768x511.jpg 768w, https:\/\/www.hotelkultura.sk\/wp-content\/uploads\/2019\/08\/salonik-cebrat-1-1024x681.jpg 1024w\" sizes=\"(max-width: 1502px) 100vw, 1502px\" \/><\/a><\/p>\n<p>&nbsp;<\/p>\n<p>HOTEL KULTURA**** offers you two saloons. Cho\u010d and \u010cebra\u0165 each one with the capacity of 20-30 seats is great for business meetings, trainings, and occasional meetings.<\/p>\n<p>&nbsp;<\/p>\n<h3>The Atrium<\/h3>\n<p><a href=\"https:\/\/hotelkultura.sk\/wp-content\/uploads\/2019\/08\/dvorana.jpg\"><img decoding=\"async\" class=\"aligncenter size-full wp-image-1510\" src=\"https:\/\/hotelkultura.sk\/wp-content\/uploads\/2019\/08\/dvorana.jpg\" alt=\"\" width=\"1200\" height=\"801\" srcset=\"https:\/\/www.hotelkultura.sk\/wp-content\/uploads\/2019\/08\/dvorana.jpg 1200w, https:\/\/www.hotelkultura.sk\/wp-content\/uploads\/2019\/08\/dvorana-768x513.jpg 768w, https:\/\/www.hotelkultura.sk\/wp-content\/uploads\/2019\/08\/dvorana-1024x684.jpg 1024w\" sizes=\"(max-width: 1200px) 100vw, 1200px\" \/><\/a><\/p>\n<p>&nbsp;<\/p>\n<p>The Atrium of HOTEL KULTURA**** is a unique space in the middle of the hotel and it is its heart. An Atrium is an ideal place for organization receptions after congresses and conferences. The capacity of the Atrium is 70-100 persons + next 150 we can serve in the adjoining Social hall, which is connected with the Atrium. A part of the Social hall is also a large terrace with a view at the surrounding mountains and historical center of the city Ruzomberok.<\/p>\n<p>&nbsp;<\/p>\n<h3>The Great Hall<\/h3>\n<p><a href=\"https:\/\/hotelkultura.sk\/wp-content\/uploads\/2019\/08\/divadelna-sala-1.jpg\"><img decoding=\"async\" class=\"aligncenter size-full wp-image-1561\" src=\"https:\/\/hotelkultura.sk\/wp-content\/uploads\/2019\/08\/divadelna-sala-1.jpg\" alt=\"\" width=\"2800\" height=\"1863\" srcset=\"https:\/\/www.hotelkultura.sk\/wp-content\/uploads\/2019\/08\/divadelna-sala-1.jpg 2800w, https:\/\/www.hotelkultura.sk\/wp-content\/uploads\/2019\/08\/divadelna-sala-1-768x511.jpg 768w, https:\/\/www.hotelkultura.sk\/wp-content\/uploads\/2019\/08\/divadelna-sala-1-1024x681.jpg 1024w\" sizes=\"(max-width: 2800px) 100vw, 2800px\" \/><\/a><\/p>\n<p>&nbsp;<\/p>\n<p>One of the biggest spaces for rent, that hotel offers is \u201eThe Great hall\u201c. It is located in the cultural-social part of KDAH. The Great hall is a multifunctional hall with a capacity of 500 persons, which can be used as a congress center, dancing-social hall, etc. The Great hall has a non-barierr connection with the Atrium and with a Social hall with a terrace, and they are on the same floor.<\/p>\n","protected":false},"excerpt":{"rendered":"<p>Newly reconstructed spaces of the historical Hotel Kultura are an ideal place for organization congresses, conferences, events and other social events.<\/p>\n","protected":false},"author":3,"featured_media":0,"parent":0,"menu_order":14,"comment_status":"closed","ping_status":"closed","template":"","meta":{"footnotes":""},"class_list":["post-1482","page","type-page","status-publish","hentry"],"yoast_head":"<!-- This site is optimized with the Yoast SEO plugin v25.3 - https:\/\/yoast.com\/wordpress\/plugins\/seo\/ -->\n<title>Celebrations | Hotel Kult\u00fara<\/title>\n<meta name=\"robots\" content=\"index, follow, max-snippet:-1, max-image-preview:large, max-video-preview:-1\" \/>\n<link rel=\"canonical\" href=\"https:\/\/www.hotelkultura.sk\/oslavy\/\" \/>\n<meta property=\"og:locale\" content=\"en_US\" \/>\n<meta property=\"og:type\" content=\"article\" \/>\n<meta property=\"og:title\" content=\"Celebrations | Hotel Kult\u00fara\" \/>\n<meta property=\"og:description\" content=\"Newly reconstructed spaces of the historical Hotel Kultura are an ideal place for organization congresses, conferences, events and other social events.\" \/>\n<meta property=\"og:url\" content=\"https:\/\/www.hotelkultura.sk\/oslavy\/\" \/>\n<meta property=\"og:site_name\" content=\"Hotel Kult\u00fara\" \/>\n<meta property=\"article:publisher\" content=\"https:\/\/www.facebook.com\/hotelkultura.sk\/\" \/>\n<meta property=\"article:modified_time\" content=\"2025-06-10T13:24:04+00:00\" \/>\n<meta property=\"og:image\" content=\"https:\/\/hotelkultura.sk\/wp-content\/uploads\/2019\/08\/salonik-cebrat-1.jpg\" \/>\n<meta name=\"twitter:card\" content=\"summary_large_image\" \/>\n<meta name=\"twitter:label1\" content=\"Est. reading time\" \/>\n\t<meta name=\"twitter:data1\" content=\"3 minutes\" \/>\n<script type=\"application\/ld+json\" class=\"yoast-schema-graph\">{\"@context\":\"https:\/\/schema.org\",\"@graph\":[{\"@type\":\"WebPage\",\"@id\":\"https:\/\/www.hotelkultura.sk\/oslavy\/\",\"url\":\"https:\/\/www.hotelkultura.sk\/oslavy\/\",\"name\":\"Celebrations | Hotel Kult\u00fara\",\"isPartOf\":{\"@id\":\"https:\/\/www.hotelkultura.sk\/#website\"},\"primaryImageOfPage\":{\"@id\":\"https:\/\/www.hotelkultura.sk\/oslavy\/#primaryimage\"},\"image\":{\"@id\":\"https:\/\/www.hotelkultura.sk\/oslavy\/#primaryimage\"},\"thumbnailUrl\":\"https:\/\/hotelkultura.sk\/wp-content\/uploads\/2019\/08\/spolocenska-sala-s-terasou-1.jpg\",\"datePublished\":\"2019-06-25T21:17:53+00:00\",\"dateModified\":\"2025-06-10T13:24:04+00:00\",\"breadcrumb\":{\"@id\":\"https:\/\/www.hotelkultura.sk\/oslavy\/#breadcrumb\"},\"inLanguage\":\"en-US\",\"potentialAction\":[{\"@type\":\"ReadAction\",\"target\":[\"https:\/\/www.hotelkultura.sk\/oslavy\/\"]}]},{\"@type\":\"ImageObject\",\"inLanguage\":\"en-US\",\"@id\":\"https:\/\/www.hotelkultura.sk\/oslavy\/#primaryimage\",\"url\":\"https:\/\/hotelkultura.sk\/wp-content\/uploads\/2019\/08\/spolocenska-sala-s-terasou-1.jpg\",\"contentUrl\":\"https:\/\/hotelkultura.sk\/wp-content\/uploads\/2019\/08\/spolocenska-sala-s-terasou-1.jpg\"},{\"@type\":\"BreadcrumbList\",\"@id\":\"https:\/\/www.hotelkultura.sk\/oslavy\/#breadcrumb\",\"itemListElement\":[{\"@type\":\"ListItem\",\"position\":1,\"name\":\"Home\",\"item\":\"https:\/\/www.hotelkultura.sk\/\"},{\"@type\":\"ListItem\",\"position\":2,\"name\":\"Oslavy\"}]},{\"@type\":\"WebSite\",\"@id\":\"https:\/\/www.hotelkultura.sk\/#website\",\"url\":\"https:\/\/www.hotelkultura.sk\/\",\"name\":\"Hotel Kult\u00fara\",\"description\":\"\",\"publisher\":{\"@id\":\"https:\/\/www.hotelkultura.sk\/#organization\"},\"potentialAction\":[{\"@type\":\"SearchAction\",\"target\":{\"@type\":\"EntryPoint\",\"urlTemplate\":\"https:\/\/www.hotelkultura.sk\/?s={search_term_string}\"},\"query-input\":{\"@type\":\"PropertyValueSpecification\",\"valueRequired\":true,\"valueName\":\"search_term_string\"}}],\"inLanguage\":\"en-US\"},{\"@type\":\"Organization\",\"@id\":\"https:\/\/www.hotelkultura.sk\/#organization\",\"name\":\"Hotel Kult\u00fara\",\"url\":\"https:\/\/www.hotelkultura.sk\/\",\"logo\":{\"@type\":\"ImageObject\",\"inLanguage\":\"en-US\",\"@id\":\"https:\/\/www.hotelkultura.sk\/#\/schema\/logo\/image\/\",\"url\":\"\",\"contentUrl\":\"\",\"caption\":\"Hotel Kult\u00fara\"},\"image\":{\"@id\":\"https:\/\/www.hotelkultura.sk\/#\/schema\/logo\/image\/\"},\"sameAs\":[\"https:\/\/www.facebook.com\/hotelkultura.sk\/\"]}]}<\/script>\n<!-- \/ Yoast SEO plugin. -->","yoast_head_json":{"title":"Celebrations | Hotel Kult\u00fara","robots":{"index":"index","follow":"follow","max-snippet":"max-snippet:-1","max-image-preview":"max-image-preview:large","max-video-preview":"max-video-preview:-1"},"canonical":"https:\/\/www.hotelkultura.sk\/oslavy\/","og_locale":"en_US","og_type":"article","og_title":"Celebrations | Hotel Kult\u00fara","og_description":"Newly reconstructed spaces of the historical Hotel Kultura are an ideal place for organization congresses, conferences, events and other social events.","og_url":"https:\/\/www.hotelkultura.sk\/oslavy\/","og_site_name":"Hotel Kult\u00fara","article_publisher":"https:\/\/www.facebook.com\/hotelkultura.sk\/","article_modified_time":"2025-06-10T13:24:04+00:00","og_image":[{"url":"https:\/\/hotelkultura.sk\/wp-content\/uploads\/2019\/08\/salonik-cebrat-1.jpg","type":"","width":"","height":""}],"twitter_card":"summary_large_image","twitter_misc":{"Est. reading time":"3 minutes"},"schema":{"@context":"https:\/\/schema.org","@graph":[{"@type":"WebPage","@id":"https:\/\/www.hotelkultura.sk\/oslavy\/","url":"https:\/\/www.hotelkultura.sk\/oslavy\/","name":"Celebrations | Hotel Kult\u00fara","isPartOf":{"@id":"https:\/\/www.hotelkultura.sk\/#website"},"primaryImageOfPage":{"@id":"https:\/\/www.hotelkultura.sk\/oslavy\/#primaryimage"},"image":{"@id":"https:\/\/www.hotelkultura.sk\/oslavy\/#primaryimage"},"thumbnailUrl":"https:\/\/hotelkultura.sk\/wp-content\/uploads\/2019\/08\/spolocenska-sala-s-terasou-1.jpg","datePublished":"2019-06-25T21:17:53+00:00","dateModified":"2025-06-10T13:24:04+00:00","breadcrumb":{"@id":"https:\/\/www.hotelkultura.sk\/oslavy\/#breadcrumb"},"inLanguage":"en-US","potentialAction":[{"@type":"ReadAction","target":["https:\/\/www.hotelkultura.sk\/oslavy\/"]}]},{"@type":"ImageObject","inLanguage":"en-US","@id":"https:\/\/www.hotelkultura.sk\/oslavy\/#primaryimage","url":"https:\/\/hotelkultura.sk\/wp-content\/uploads\/2019\/08\/spolocenska-sala-s-terasou-1.jpg","contentUrl":"https:\/\/hotelkultura.sk\/wp-content\/uploads\/2019\/08\/spolocenska-sala-s-terasou-1.jpg"},{"@type":"BreadcrumbList","@id":"https:\/\/www.hotelkultura.sk\/oslavy\/#breadcrumb","itemListElement":[{"@type":"ListItem","position":1,"name":"Home","item":"https:\/\/www.hotelkultura.sk\/"},{"@type":"ListItem","position":2,"name":"Oslavy"}]},{"@type":"WebSite","@id":"https:\/\/www.hotelkultura.sk\/#website","url":"https:\/\/www.hotelkultura.sk\/","name":"Hotel Kult\u00fara","description":"","publisher":{"@id":"https:\/\/www.hotelkultura.sk\/#organization"},"potentialAction":[{"@type":"SearchAction","target":{"@type":"EntryPoint","urlTemplate":"https:\/\/www.hotelkultura.sk\/?s={search_term_string}"},"query-input":{"@type":"PropertyValueSpecification","valueRequired":true,"valueName":"search_term_string"}}],"inLanguage":"en-US"},{"@type":"Organization","@id":"https:\/\/www.hotelkultura.sk\/#organization","name":"Hotel Kult\u00fara","url":"https:\/\/www.hotelkultura.sk\/","logo":{"@type":"ImageObject","inLanguage":"en-US","@id":"https:\/\/www.hotelkultura.sk\/#\/schema\/logo\/image\/","url":"","contentUrl":"","caption":"Hotel Kult\u00fara"},"image":{"@id":"https:\/\/www.hotelkultura.sk\/#\/schema\/logo\/image\/"},"sameAs":["https:\/\/www.facebook.com\/hotelkultura.sk\/"]}]}},"_links":{"self":[{"href":"https:\/\/www.hotelkultura.sk\/en\/wp-json\/wp\/v2\/pages\/1482","targetHints":{"allow":["GET"]}}],"collection":[{"href":"https:\/\/www.hotelkultura.sk\/en\/wp-json\/wp\/v2\/pages"}],"about":[{"href":"https:\/\/www.hotelkultura.sk\/en\/wp-json\/wp\/v2\/types\/page"}],"author":[{"embeddable":true,"href":"https:\/\/www.hotelkultura.sk\/en\/wp-json\/wp\/v2\/users\/3"}],"replies":[{"embeddable":true,"href":"https:\/\/www.hotelkultura.sk\/en\/wp-json\/wp\/v2\/comments?post=1482"}],"version-history":[{"count":0,"href":"https:\/\/www.hotelkultura.sk\/en\/wp-json\/wp\/v2\/pages\/1482\/revisions"}],"wp:attachment":[{"href":"https:\/\/www.hotelkultura.sk\/en\/wp-json\/wp\/v2\/media?parent=1482"}],"curies":[{"name":"wp","href":"https:\/\/api.w.org\/{rel}","templated":true}]}}

<h3><strong>Event Spaces for Every Occasion</strong></h3>
<p>Are you looking for a venue for a social event, wedding, prom, or celebration? We invite you to visit us. We would be delighted to use our extensive experience to help organize your events. Our newly renovated spaces, with their elegance, functionality, and size, are simply the best choice for you.</p>
<h3>Contact us</h3>
<p><strong>CONTACT US</strong><br />
<strong>CELEBRATIONS, WEDDINGS, EVENTS</strong></p>
<p><em>Jana Vetráková</em><br />
<a href="mailto:prevadzka@hotelkultura.sk">prevadzka@hotelkultura.sk</a><br />
+421 908 969 990</p>
<p><em>Tomáš Skurčák</em><br />
<a href="mailto:prevadzka@hotelkultura.sk">prevadzka@hotelkultura.sk</a><br />
+421 908 969 990</p>
<p>&nbsp;</p>
<p>&nbsp;</p>
<h3>Social hall with terrace</h3>
<p><a href="https://hotelkultura.sk/wp-content/uploads/2019/08/spolocenska-sala-s-terasou-1.jpg"><img decoding="async" class="aligncenter size-full wp-image-1558" src="https://hotelkultura.sk/wp-content/uploads/2019/08/spolocenska-sala-s-terasou-1.jpg" alt="" width="2800" height="1863" srcset="https://www.hotelkultura.sk/wp-content/uploads/2019/08/spolocenska-sala-s-terasou-1.jpg 2800w, https://www.hotelkultura.sk/wp-content/uploads/2019/08/spolocenska-sala-s-terasou-1-768x511.jpg 768w, https://www.hotelkultura.sk/wp-content/uploads/2019/08/spolocenska-sala-s-terasou-1-1024x681.jpg 1024w" sizes="(max-width: 2800px) 100vw, 2800px" /></a></p>
<p>&nbsp;</p>
<h3>Saloon Čebrať</h3>
<p><a href="https://hotelkultura.sk/wp-content/uploads/2019/08/salonik-cebrat-1.jpg"><img decoding="async" class="aligncenter size-full wp-image-1560" src="https://hotelkultura.sk/wp-content/uploads/2019/08/salonik-cebrat-1.jpg" alt="" width="1502" height="999" srcset="https://www.hotelkultura.sk/wp-content/uploads/2019/08/salonik-cebrat-1.jpg 1502w, https://www.hotelkultura.sk/wp-content/uploads/2019/08/salonik-cebrat-1-768x511.jpg 768w, https://www.hotelkultura.sk/wp-content/uploads/2019/08/salonik-cebrat-1-1024x681.jpg 1024w" sizes="(max-width: 1502px) 100vw, 1502px" /></a></p>
<p>&nbsp;</p>
<p>HOTEL KULTURA**** offers you two saloons. Choč and Čebrať each one with the capacity of 20-30 seats is great for business meetings, trainings, and occasional meetings.</p>
<p>&nbsp;</p>
<h3>The Atrium</h3>
<p><a href="https://hotelkultura.sk/wp-content/uploads/2019/08/dvorana.jpg"><img decoding="async" class="aligncenter size-full wp-image-1510" src="https://hotelkultura.sk/wp-content/uploads/2019/08/dvorana.jpg" alt="" width="1200" height="801" srcset="https://www.hotelkultura.sk/wp-content/uploads/2019/08/dvorana.jpg 1200w, https://www.hotelkultura.sk/wp-content/uploads/2019/08/dvorana-768x513.jpg 768w, https://www.hotelkultura.sk/wp-content/uploads/2019/08/dvorana-1024x684.jpg 1024w" sizes="(max-width: 1200px) 100vw, 1200px" /></a></p>
<p>&nbsp;</p>
<p>The Atrium of HOTEL KULTURA**** is a unique space in the middle of the hotel and it is its heart. An Atrium is an ideal place for organization receptions after congresses and conferences. The capacity of the Atrium is 70-100 persons + next 150 we can serve in the adjoining Social hall, which is connected with the Atrium. A part of the Social hall is also a large terrace with a view at the surrounding mountains and historical center of the city Ruzomberok.</p>
<p>&nbsp;</p>
<h3>The Great Hall</h3>
<p><a href="https://hotelkultura.sk/wp-content/uploads/2019/08/divadelna-sala-1.jpg"><img decoding="async" class="aligncenter size-full wp-image-1561" src="https://hotelkultura.sk/wp-content/uploads/2019/08/divadelna-sala-1.jpg" alt="" width="2800" height="1863" srcset="https://www.hotelkultura.sk/wp-content/uploads/2019/08/divadelna-sala-1.jpg 2800w, https://www.hotelkultura.sk/wp-content/uploads/2019/08/divadelna-sala-1-768x511.jpg 768w, https://www.hotelkultura.sk/wp-content/uploads/2019/08/divadelna-sala-1-1024x681.jpg 1024w" sizes="(max-width: 2800px) 100vw, 2800px" /></a></p>
<p>&nbsp;</p>
<p>One of the biggest spaces for rent, that hotel offers is „The Great hall“. It is located in the cultural-social part of KDAH. The Great hall is a multifunctional hall with a capacity of 500 persons, which can be used as a congress center, dancing-social hall, etc. The Great hall has a non-barierr connection with the Atrium and with a Social hall with a terrace, and they are on the same floor.</p>

<!-- This site is optimized with the Yoast SEO plugin v25.3 - https://yoast.com/wordpress/plugins/seo/ -->
<title>Celebrations | Hotel Kultúra</title>
<meta name="robots" content="index, follow, max-snippet:-1, max-image-preview:large, max-video-preview:-1" />
<link rel="canonical" href="https://www.hotelkultura.sk/oslavy/" />
<meta property="og:locale" content="en_US" />
<meta property="og:type" content="article" />
<meta property="og:title" content="Celebrations | Hotel Kultúra" />
<meta property="og:description" content="Newly reconstructed spaces of the historical Hotel Kultura are an ideal place for organization congresses, conferences, events and other social events." />
<meta property="og:url" content="https://www.hotelkultura.sk/oslavy/" />
<meta property="og:site_name" content="Hotel Kultúra" />
<meta property="article:publisher" content="https://www.facebook.com/hotelkultura.sk/" />
<meta property="article:modified_time" content="2025-06-10T13:24:04+00:00" />
<meta property="og:image" content="https://hotelkultura.sk/wp-content/uploads/2019/08/salonik-cebrat-1.jpg" />
<meta name="twitter:card" content="summary_large_image" />
<meta name="twitter:label1" content="Est. reading time" />
	<meta name="twitter:data1" content="3 minutes" />
<script type="application/ld+json" class="yoast-schema-graph">{"@context":"https://schema.org","@graph":[{"@type":"WebPage","@id":"https://www.hotelkultura.sk/oslavy/","url":"https://www.hotelkultura.sk/oslavy/","name":"Celebrations | Hotel Kultúra","isPartOf":{"@id":"https://www.hotelkultura.sk/#website"},"primaryImageOfPage":{"@id":"https://www.hotelkultura.sk/oslavy/#primaryimage"},"image":{"@id":"https://www.hotelkultura.sk/oslavy/#primaryimage"},"thumbnailUrl":"https://hotelkultura.sk/wp-content/uploads/2019/08/spolocenska-sala-s-terasou-1.jpg","datePublished":"2019-06-25T21:17:53+00:00","dateModified":"2025-06-10T13:24:04+00:00","breadcrumb":{"@id":"https://www.hotelkultura.sk/oslavy/#breadcrumb"},"inLanguage":"en-US","potentialAction":[{"@type":"ReadAction","target":["https://www.hotelkultura.sk/oslavy/"]}]},{"@type":"ImageObject","inLanguage":"en-US","@id":"https://www.hotelkultura.sk/oslavy/#primaryimage","url":"https://hotelkultura.sk/wp-content/uploads/2019/08/spolocenska-sala-s-terasou-1.jpg","contentUrl":"https://hotelkultura.sk/wp-content/uploads/2019/08/spolocenska-sala-s-terasou-1.jpg"},{"@type":"BreadcrumbList","@id":"https://www.hotelkultura.sk/oslavy/#breadcrumb","itemListElement":[{"@type":"ListItem","position":1,"name":"Home","item":"https://www.hotelkultura.sk/"},{"@type":"ListItem","position":2,"name":"Oslavy"}]},{"@type":"WebSite","@id":"https://www.hotelkultura.sk/#website","url":"https://www.hotelkultura.sk/","name":"Hotel Kultúra","description":"","publisher":{"@id":"https://www.hotelkultura.sk/#organization"},"potentialAction":[{"@type":"SearchAction","target":{"@type":"EntryPoint","urlTemplate":"https://www.hotelkultura.sk/?s={search_term_string}"},"query-input":{"@type":"PropertyValueSpecification","valueRequired":true,"valueName":"search_term_string"}}],"inLanguage":"en-US"},{"@type":"Organization","@id":"https://www.hotelkultura.sk/#organization","name":"Hotel Kultúra","url":"https://www.hotelkultura.sk/","logo":{"@type":"ImageObject","inLanguage":"en-US","@id":"https://www.hotelkultura.sk/#/schema/logo/image/","url":"","contentUrl":"","caption":"Hotel Kultúra"},"image":{"@id":"https://www.hotelkultura.sk/#/schema/logo/image/"},"sameAs":["https://www.facebook.com/hotelkultura.sk/"]}]}</script>
<!-- / Yoast SEO plugin. -->

Celebrations | Hotel Kultúra

Hotel Kultúra
